12222331
In base 12, what is 134b6 - 2719?
10999
In base 10, what is 4 + -6536232?
-6536228
In base 2, what is -11 + -11000111110100?
-11000111110111
In base 14, what is d6375 + 227?
d659c
In base 8, what is 4316 - 646211?
-641673
In base 12, what is 324 + -86aa?
-8386
In base 6, what is 3 - 14150141514?
-14150141511
In base 12, what is 6690a2 + 3?
6690a5
In base 7, what is 30651 - 23104?
4544
In base 14, what is 0 - -1d7961a?
1d7961a
In base 13, what is -6b740603 + 0?
-6b740603
In base 15, what is -a709d1e + 4?
-a709d1a
In base 16, what is -47 + -1a0de4?
-1a0e2b
In base 13, what is -3b7 + 22ca?
1c13
In base 15, what is 29 - 2494b?
-24922
In base 6, what is -20311032 + -43?
-20311115
In base 7, what is 3 - 41433411?
-41433405
In base 13, what is -4 + -80cb5b0?
-80cb5b4
In base 15, what is -a8ba63 + -c?
-a8ba70
In base 6, what is 34253 + -144?
34105
In base 8, what is 5325 + -611?
4514
In base 10, what is -414799 - -586?
-414213
In base 3, what is 11101120001200020 + 202?
11101120001200222
In base 6, what is 21553154 + 431?
21554025
In base 10, what is -591320 - 28?
-591348
In base 4, what is -3101212200 - 132?
-3101212332
In base 10, what is -19 - 131930?
-131949
In base 11, what is -56 - -503556?
503500
In base 7, what is 1 - 31060561?
-31060560
In base 8, what is -263506 + -4024?
-267532
In base 3, what is -212112122 + 1002112010?
12222111
In base 11, what is 8008934 + 18?
8008951
In base 15, what is 77c9a + 14?
77cae
In base 6, what is 15344552142 - -5?
15344552151
In base 12, what is 11b + 4a3084?
4a31a3
In base 2, what is 100000 + -10101111111000101001?
-10101111111000001001
In base 15, what is 18 + 2878d?
287a6
In base 13, what is 1b716 + 100?
1b816
In base 2, what is -1011110111010010010101 + 11010?
-1011110111010001111011
In base 11, what is 30a - 2843?
-2534
In base 16, what is -aeb542 + 19?
-aeb529
In base 7, what is 12432226 + -1125?
12431101
In base 14, what is -1 + -471b3d?
-471b40
In base 3, what is -222200220 - 1022102?
-1001000022
In base 16, what is -2e4 - 15dcf?
-160b3
In base 4, what is -12 + 11131232201?
11131232123
In base 7, what is -16 - -4641123?
4641104
In base 7, what is 6164624 - -640?
6165564
In base 2, what is 1111000 - -110011000111000?
110011010110000
In base 8, what is -31735 + -534?
-32471
In base 3, what is 1011 + -2210202110112?
-2210202102101
In base 9, what is -42332740 - 3?
-42332743
In base 4, what is -3023031313 - -220?
-3023031033
In base 2, what is 1001011001110111100101101 + -1?
1001011001110111100101100
In base 6, what is 132 + 1444441?
1445013
In base 9, what is -535118 - 1532?
-536651
In base 3, what is -12021121100 + 1201222?
-12012212101
In base 12, what is 5b32a + 14b?
5b479
In base 8, what is 22 - -40605101?
40605123
In base 3, what is -10212121011 - 10100?
-10212201111
In base 6, what is 2120223022 - -5?
2120223031
In base 11, what is -1383 + 3448?
2075
In base 5, what is 1023 + 1320022310?
1320023333
In base 14, what is -411 + 1397b?
1356a
In base 10, what is -1 - 8231360?
-8231361
In base 15, what is 3ac + 2e1a9?
2e566
In base 12, what is -b7a1b + -13a3?
-b9202
In base 12, what is -7661b43 + 5?
-7661b3a
In base 6, what is 12051 - -1013?
13104
In base 6, what is -4413001 + 2335?
-4410222
In base 14, what is -35d20ca0 + 1?
-35d20c9d
In base 2, what is -1000110001011100010000000111 - -11?
-1000110001011100010000000100
In base 12, what is 5 + 1146113a?
11461143
In base 3, what is 20 + -101121021211210?
-101121021211120
In base 6, what is -154014145355 + -4?
-154014145403
In base 12, what is -3 + ab1634?
ab1631
In base 8, what is -17 - 122601101?
-122601120
In base 12, what is 48b32 - -464?
49396
In base 7, what is 12 + 151541256?
151541301
In base 10, what is 27 + 7144277?
7144304
In base 9, what is -3 - -6467612?
6467608
In base 13, what is -16904 + -268?
-16b6c
In base 14, what is 150b3599 - -1?
150b359a
In base 12, what is 13b - 195115?
-194b96
In base 14, what is -3c60 - 5b00?
-9960
In base 4, what is -10 + -11212231201232?
-11212231201302
In base 6, what is -3 + -1522511324?
-1522511331
In base 14, what is -60cd0 - -b?
-60cc3
In base 6, what is 15 - 22445442?
-22445423
In base 16, what is -4925240 + 2?
-492523e
In base 2, what is 111001101010111 - -101?
111001101011100
In base 11, what is -3 - 33385560?
-33385563
In base 4, what is 2333021032 - 2200?
2333012232
In base 11, what is -a + 2441736?
2441727
In base 2, what is -110001100100 + 10000011110?
-100001000110
In base 2, what is -110 + 1000010000001111001100100?
1000010000001111001011110
In base 4, what is -31203213 + -220120?
-32023333
In base 6, what is -134 + -1442434?
-1443012
In base 11, what is -17395 + 2267?
-15129
In base 13, what is -615 + -c947?
-1025c
In base 2, what is -101 - -10101110101101011011?
10101110101101010110
In base 8, what is 53 + -46012633?
-46012560
In base 13, what is 46b33 + -5?
46b2b
In base 15, what is d - 25b272?
-25b264
In base 10, what is -46 - -8426232?
8426186
In base 2, what is 1 + 1111000100000110001000?
1111000100000110001001
In base 14, what is 28 + 8059?
8083
In base 10, what is -3 + 2949363?
2949360
In base 5, what is -2123234 - 1443?
-2130232
In base 16, what is 1 - -1f39bc?
1f39bd
In base 16, what is -2f6b43 + 2?
-2f6b41
In base 10, what is 2372 - 316430?
-314058
In base 2, what is -1001000011100001100 + 110?
-1001000011100000110
In base 6, what is 2130105320 - 0?
2130105320
In base 10, what is -80012830 - -2?
-80012828
In base 7, what is -160454656 - -36?
-160454620
In base 4, what is -1211131 - 2223131?
-10100322
In base 4, what is 1233002 + 20100?
1313102
In base 13, what is -4 + -144bc7ca?
-144bc801
In base 2, what is 10001000 + 10010001110110100110100?
10010001110110110111100
In base 2, what is -100101110 - 10000110000101?
-10001010110011
In base 11, what is -1 + -716032?
-716033
In base 11, what is 6989996 + -2?
6989994
In base 7, what is -111433 + 1041?
-110362
In base 5, what is -1231423 - 420214?
-2202142
In base 3, what is 110212012 + -10200022?
100011220
In base 10, what is 1507 + 7275?
8782
In base 7, what is -3 - 3461645?
-3461651
In base 14, what is -3 - 4db3d25?
-4db3d28
In base 3, what is 10022102222 - -122?
10022110121
In base 7, what is 64546165 + 20?
64546215
In base 5, what is 13020310 - 2044?
13013211
In base 15, what is a49a + -948?
9a52
In base 11, what is -1845 - 19a494?
-1a1229
In base 16, what is -2e43 - 59c3?
-8806
In base 15, what is -4a5 - -d5dd?
d138
In base 14, what is -325 - b81?
-10a6
In base 11, what is -21a6582 + -21?
-21a65a3
In base 14, what is 132 + -1acc39?
-1acb07
In base 4, what is 2121012322 - -222?
2121013210
In base 16, what is -6ddd + -1d0?
-6fad
In base 15, what is -2e507c4c + 2?
-2e507c4a
In base 9, what is 1318670 + 16?
1318686
In base 3, what is 0 - -22021210221121?
22021210221121
In base 5, what is -41 + 13403000?
13402404
In base 16, what is 34 - -62dcca?
62dcfe
In base 15, what is a8db - 2835?
80a6
In base 9, what is -100 + -12284216?
-12284316
In base 9, what is -7102026 - 24?
-7102051
In base 6, what is -15220050 - 4334?
-15224424
In base 3, what is -21210022021 + 1221?
-21210020100
In base 8, what is -21762675 + -506?
-21763403
In base 6, what is -1 - 3012004322?
-3012004323
In base 3, what is 0 - 21002220201201001?
-21002220201201001
In base 7, what is -6 - 45033520?
-45033526
In base 7, what is 3412 - 5203335?
-5166623
In base 13, what is 1 + 11c6caa1?
11c6caa2
In base 9, what is 16867 - -80113?
107081
In base 8, what is -5 - 27500?
-27505
In base 13, what is 255b3 - 2c?
25584
In base 15, what is 2 - b1dd0e?
-b1dd0c
In base 4, what is 222011333321 - -3?
222011333330
In base 11, what is 11 + -1304a77?
-1304a66
In base 4, what is -112003 - 2011100?
-2123103
In base 5, what is 34331423 + 123?
34332101
In base 6, what is -100 + 101332535?
101332435
In base 9, what is -27207430 + 0?
-27207430
In base 11, what is 104 + -10798?
-10694
In base 4, what is -1103313103 + -3330?
-1103323033
In base 11, what is -191 - 110221?
-110402
In base 4, what is 121200133 - 101?
121200032
In base 12, what is -159983 - -2?
-159981
In base 10, what is -2589579 - 124?
-2589703
In base 11, what is -1aa4508 + -6?
-1aa4513
In base 4, what is 12 - 10232230212033?
-10232230212021
In base 15, what is -1208 + 20885?
1e67c
In base 9, what is 35327024 + 4?
35327028
In 